 digit of 8302012?
2
What is the units digit of 595870?
0
What is the hundreds digit of 1005487?
4
What is the millions digit of 5522899?
5
What is the thousands digit of 14877958?
7
What is the units digit of 347687?
7
What is the thousands digit of 295331?
5
What is the units digit of 96223?
3
What is the ten thousands digit of 55070?
5
What is the tens digit of 6788087?
8
What is the millions digit of 1387592?
1
What is the thousands digit of 2791900?
1
What is the hundred thousands digit of 195976?
1
What is the hundreds digit of 36634?
6
What is the millions digit of 7686081?
7
What is the hundred thousands digit of 217799?
2
What is the hundreds digit of 408319?
3
What is the thousands digit of 46355?
6
What is the units digit of 2356912?
2
What is the units digit of 11371371?
1
What is the thousands digit of 464504?
4
What is the tens digit of 158035?
3
What is the hundred thousands digit of 511980?
5
What is the ten thousands digit of 6494872?
9
What is the thousands digit of 233110?
3
What is the units digit of 15702707?
7
What is the units digit of 30502608?
8
What is the ten thousands digit of 7169604?
6
What is the units digit of 85250?
0
What is the thousands digit of 80061?
0
What is the hundred thousands digit of 1388340?
3
What is the units digit of 156450?
0
What is the hundreds digit of 11218965?
9
What is the hundreds digit of 324764?
7
What is the thousands digit of 2231410?
1
What is the units digit of 3714586?
6
What is the tens digit of 3835017?
1
What is the thousands digit of 754971?
4
What is the units digit of 10399164?
4
What is the units digit of 582407?
7
What is the units digit of 115934?
4
What is the thousands digit of 1699739?
9
What is the thousands digit of 624467?
4
What is the hundreds digit of 314421?
4
What is the hundred thousands digit of 6830339?
8
What is the thousands digit of 6974236?
4
What is the tens digit of 404774?
7
What is the units digit of 553787?
7
What is the tens digit of 792709?
0
What is the tens digit of 1585601?
0
What is the units digit of 589964?
4
What is the hundreds digit of 1342565?
5
What is the hundreds digit of 363759?
7
What is the ten thousands digit of 4719204?
1
What is the hundred thousands digit of 26193657?
1
What is the hundred thousands digit of 5728248?
7
What is the ten thousands digit of 1655458?
5
What is the tens digit of 12296125?
2
What is the thousands digit of 2636948?
6
What is the hundred thousands digit of 223378?
2
What is the ten thousands digit of 60437?
6
What is the thousands digit of 477497?
7
What is the ten thousands digit of 5560142?
6
What is the units digit of 504307?
7
What is the hundreds digit of 7207883?
8
What is the tens digit of 6314998?
9
What is the thousands digit of 1811888?
1
What is the hundreds digit of 254844?
8
What is the thousands digit of 7493659?
3
What is the units digit of 854526?
6
What is the units digit of 248206?
6
What is the hundreds digit of 6094908?
9
What is the thousands digit of 579677?
9
What is the units digit of 1009?
9
What is the units digit of 12589343?
3
What is the thousands digit of 967376?
7
What is the ten thousands digit of 39054?
3
What is the millions digit of 7287207?
7
What is the units digit of 3321016?
6
What is the hundred thousands digit of 9505559?
5
What is the units digit of 8328987?
7
What is the units digit of 842624?
4
What is the tens digit of 96152?
5
What is the ten thousands digit of 215160?
1
What is the ten thousands digit of 228670?
2
What is the thousands digit of 540523?
0
What is the hundred thousands digit of 7119944?
1
What is the tens digit of 229020?
2
What is the units digit of 5236708?
8
What is the tens digit of 22369310?
1
What is the thousands digit of 378013?
8
What is the units digit of 214172?
2
What is the hundreds digit of 1023284?
2
What is the hundreds digit of 20402?
4
What is the thousands digit of 6772788?
2
What is the thousands digit of 173479?
3
What is the hundred thousands digit of 4518869?
5
What is the ten thousands digit of 13708681?
0
What is the hundred thousands digit of 933689?
9
What is the millions digit of 21377160?
1
What is the units digit of 10950058?
8
What is the hundred thousands digit of 275119?
2
What is the millions digit of 5022347?
5
What is the units digit of 9913516?
6
What is the units digit of 14678400?
0
What is the thousands digit of 250270?
0
What is the ten thousands digit of 3487126?
8
What is the thousands digit of 1236154?
6
What is the tens digit of 2826358?
5
What is the tens digit of 6957941?
4
What is the thousands digit of 4260656?
0
What is the hundreds digit of 61186?
1
What is the ten thousands digit of 130846?
3
What is the hundreds digit of 73140?
1
What is the millions digit of 1798487?
1
What is the tens digit of 94579?
7
What is the hundreds digit of 14506200?
2
What is the ten thousands digit of 1248224?
4
What is the hundreds digit of 12557575?
5
What is the thousands digit of 24552?
4
What is the thousands digit of 857452?
7
What is the tens digit of 153942?
4
What is the ten thousands digit of 1906264?
0
What is the hundred thousands digit of 241169?
2
What is the hundred thousands digit of 1091773?
0
What is the thousands digit of 422887?
2
What is the tens digit of 636790?
9
What is the thousands digit of 6402409?
2
What is the units digit of 230028?
8
What is the tens digit of 1128631?
3
What is the hundreds digit of 802111?
1
What is the thousands digit of 20320?
0
What is the thousands digit of 149204?
9
What is the tens digit of 13411332?
3
What is the hundred thousands digit of 117719?
1
What is the units digit of 29983?
3
What is the ten thousands digit of 3494295?
9
What is the thousands digit of 358730?
8
What is the thousands digit of 2621342?
1
What is the thousands digit of 324105?
4
What is the tens digit of 773189?
8
What is the millions digit of 7593611?
7
What is the hundreds digit of 545311?
3
What is the tens digit of 87077?
7
What is the units digit of 514305?
5
What is the units digit of 137962?
2
What is the millions digit of 1132968?
1
What is the units digit of 209562?
2
What is the hundred thousands digit of 810866?
8
What is the units digit of 1491687?
7
What is the units digit of 510238?
8
What is the ten thousands digit of 840416?
4
What is the tens digit of 12575561?
6
What is the tens digit of 124569?
6
What is the hundreds digit of 19198531?
5
What is the ten millions digit of 20588519?
2
What is the millions digit of 13468995?
3
What is the millions digit of 3375910?
3
What is the tens digit of 66568?
6
What is the thousands digit of 882266?
2
What is the thousands digit of 161111?
1
What is the hundred thousands digit of 346762?
3
What is the hundreds digit of 410339?
3
What is the hundred thousands digit of 27413778?
4
What is the thousands digit of 5098837?
8
What is the ten millions digit of 20505040?
2
What is the millions digit of 4904343?
4
What is the tens digit of 1483160?
6
What is the thousands digit of 29781192?
1
What is the units digit of 435682?
2
What is the thousands digit of 4358629?
8
What is the ten millions digit of 19872339?
1
What is the hundreds digit of 1344932?
9
What is the hundred thousands digit of 4054160?
0
What is the units digit of 1521758?
8
What is the tens digit of 365342?
4
What is the units digit of 231662?
2
What is the ten thousands digit of 7076840?
7
What is the tens digit of 235528?
2
What is the hundreds digit of 316247?
2
What is the hundred thousands digit of 1472916?
4
What is the units digit of 16589338?
8
What is the ten thousands digit of 317951?
1
What is the hundreds digit of 705867?
8
What is the units digit of 2607670?
0
What is the ten thousands digit of 18368991?
6
What is the units digit of 2598152?
2
What is the hundreds digit of 10755061?
0
What is the ten thousands digit of 230055?
3
What is the tens digit of 84348?
4
What is the thousands digit of 3375049?
5
What is the ten thousands digit of 329799?
2
What is the hundreds digit of 335742?
7
What is the ten thousands digit of 546599?
4
What is the tens digit of 5474523?
2
What is the millions digit of 6005132?
6
What is the units digit of 1789411?
1
What is the hundred thousands digit of 189466?
1
What is the tens digit of 12014840?
4
What is the thousands 